81, 0 = 5*h + 4*t - 50963 - 97014. Calculate the greatest common divisor of h and 17.
17
Suppose -8*z + 1124 = -524. Let d = z + -89. What is the greatest common divisor of 18 and d?
9
Let s be (-9)/(-135)*24*45/6. Suppose 0 = -3*a - 3, -146 = h - 3*h - 4*a. What is the greatest common divisor of s and h?
3
Let k be (-11)/(1694/(-792))*2/3*28. Calculate the greatest common factor of 33 and k.
3
Suppose -38463 = 7*q - 50370. Calculate the highest common factor of 84 and q.
21
Suppose 0 = -10*u + 322 - 442. Let i be 8/u*(-386 + 2). Calculate the highest common divisor of 16 and i.
16
Let c = 68 - 68. Let s(o) = 3*o + 45 + 0*o + 91 + 4*o. Let x be s(c). Calculate the greatest common divisor of x and 17.
17
Suppose -3*y + 4 = -5. Suppose 27 = -0*u + y*u - s, 4*u - 3*s = 41. What is the highest common divisor of u and 128?
8
Let w(f) = f**3 - 4*f**2 - 3*f - 26. Let a(j) = 6*j**2. Let k be a(1). Let u be w(k). Calculate the highest common divisor of 266 and u.
14
Suppose 21*o = -2756 - 1654. Let t = o - -219. Calculate the greatest common factor of t and 144.
9
Let o(q) = -q**3 + 8*q**2 + 25*q - 42. Let u be o(10). What is the greatest common factor of u and 1076?
4
Let z be -2 - -14*(-2)/(-4). Suppose -2*d = -0*d. Suppose d = z*h + j - 69, 3*j + 10 + 35 = 3*h. What is the greatest common divisor of h and 4?
2
Suppose -61*n - 11*n = 39*n - 17538. What is the highest common factor of n and 316?
158
Let x = 26 - 20. Suppose 5*d + 65 = x*g - g, -4*g = 5*d - 7. Suppose -3*s + 7 = -g. Calculate the greatest common factor of 15 and s.
5
Suppose -307 = 12*p + 2681. Let m = p + 279. What is the highest common divisor of m and 240?
30
Suppose -2120*h + 125433 = -2099*h. Calculate the highest common divisor of h and 99.
33
Let s be 105/(-6)*(-2)/5. Let m(k) = 34*k - 12. Let z = -14 - -16. Let i be m(z). What is the highest common divisor of s and i?
7
Let n(f) = f**3 + 36*f**2 + 216*f + 37. Let r be n(-28). Calculate the greatest common factor of 9 and r.
9
Let k(d) = 393*d**2 + 239*d + 1100. Let a be k(-5). What is the highest common divisor of a and 56?
14
Suppose 144 = -54*u + 60*u. Suppose 0 = -4*l + 110 + 286. Let h = -63 + l. What is the highest common divisor of u and h?
12
Let y = -157 - -282. Suppose y + 155 = 5*h. Suppose 3*u - 2*u + 3*d = 0, -d = 5*u - h. What is the greatest common factor of 132 and u?
12
Suppose 4*n = -5*q + 493, -n + 122*q - 125*q + 125 = 0. Calculate the greatest common divisor of n and 53924.
122
Let g = -105 - -171. Let l be 110 - ((22 - (-1550)/(-70)) + (-156)/(-14)). Calculate the greatest common divisor of g and l.
33
Let k be (-132)/10*(498 + -538). Let h = -30 - -42. What is the greatest common factor of h and k?
12
Suppose 0 = -3*z + 2*o - 130 + 21, 4*o - 140 = 4*z. Suppose 3*g - 48 = 2*j - 190, -g = -j + 48. Let f = z - g. What is the greatest common divisor of f and 7?
7
Let n = 58 + -61. Let j be -5*(2/8)/(n/12). Suppose 132 = j*w + b, b - 32 = -w - 4. Calculate the greatest common divisor of w and 130.
26
Let x be ((-99534)/(-212))/((-1)/(-4)). Calculate the greatest common factor of 12 and x.
6
Let b be 3/(-2)*(15 - 41). Let t = -98 + 215. Calculate the highest common divisor of t and b.
39
Let f = 1362 - -2989. What is the highest common factor of 38 and f?
19
Let h = -30 - -43. Let k(n) = 6*n**2 - 71*n - 31. Let i be k(h). What is the highest common factor of 5 and i?
5
Let u = 121 - 117. Suppose 0 = -6*m + m - 25, u*s + 4*m = 220. What is the highest common factor of s and 60?
60
Let a = 6230 - 6184. Calculate the greatest common factor of 38 and a.
2
Suppose 10*c + 25 - 1873 = 3*c. What is the greatest common factor of c and 1140?
12
Let y = 15727 + -15717. What is the highest common factor of 29710 and y?
10
Let c be 2/(-2) + -2 - (-7 - 8). Suppose -3*i - 14 = -95. Let j be (16/6)/(3/i). What is the greatest common divisor of j and c?
12
Suppose -4*t - 18 = c - 59, 240 = 4*c - 3*t. Suppose -13*d + 12*d + 3*p = -c, 5*p = -15. Calculate the highest common divisor of 24 and d.
24
Let c be 36 - (1 - 6) - 11. Suppose 5*n = u + 830, -n - 9 = -3*u - 189. What is the greatest common divisor of c and n?
15
Let m be 16*(-2 + (-4557)/(-168)). Calculate the highest common divisor of m and 162.
6
Suppose 15*f - 164 = 76. Let j be 24*(f/42 + (-10)/(-35)). Calculate the greatest common divisor of 80 and j.
16
Suppose -2*l = -15 + 11. Let p(t) = 29*t**2 - 4*t + 3. Let w be p(l). Suppose 0 = m - 2*m + w. Calculate the highest common divisor of 74 and m.
37
Suppose 0 = 2*x + t - 4503, 109*t = -5*x + 104*t + 11265. Calculate the greatest common factor of x and 45.
45
Let x = -92 - -96. Suppose 3*f - 1158 = -x*b, 4*f + 0*f - 8 = 0. Suppose -o = 2*o - b. Calculate the greatest common factor of 32 and o.
32
Let u(x) = -487*x - 12149. Let c be u(-25). What is the highest common factor of 15223 and c?
13
Let f = 28 + -15. Let z = -172 - -280. Suppose -d - 4*h + z = 0, -4*h - 55 = -2*d + 149. What is the greatest common divisor of f and d?
13
Suppose 1109 = i - 5*g, 728 - 2961 = -2*i + 5*g. Let a = -305 + i. What is the highest common divisor of a and 39?
39
Let l(f) = -2*f**3 + 4*f**2 + 2*f - 16. Let w be l(-4). Suppose w = 3*j - 4*c, 7*c = 5*j + 9*c - 306. Calculate the greatest common divisor of j and 270.
30
Let t be 404/10 + 2/(-5). Suppose 0 = -2*f - 10, -j + 115 = -35*f + 36*f. What is the highest common divisor of j and t?
40
Let x(j) = 50*j - 4814. Let t be x(98). What is the greatest common factor of t and 602?
86
Suppose 0 = 18*d - 91 + 1. Suppose z = 2*l + 122, -3*l = d*z - 2*z - 411. Calculate the highest common divisor of z and 198.
66
Let w = 12 - 6. Suppose 9 = 9*b - w*b. Suppose k + 5*p + 65 = 6*k, 3*p + b = k. Calculate the highest common divisor of 90 and k.
18
Suppose -480*l + 263808 - 78528 = 0. What is the greatest common factor of l and 12931?
193
Suppose -10*y + 18*y = 32. Suppose -y*c + 65 = f, -118 = -2*f + 3*c - 5*c. Calculate the highest common factor of f and 95.
19
Let h be 12385/(-110)*-2 + 10/(-55). Suppose 22*f - h = 39. Calculate the highest common divisor of f and 1212.
12
Let p(s) = s**2 - 14*s + 207. Let t be p(17). What is the highest common divisor of t and 989?
43
Let c = -5382 - -5394. What is the greatest common factor of c and 1182?
6
Let b be 20/(-14)*(-63)/18. Suppose -m + 461 = 4*q, b*m = -4 + 9. Suppose 0*x - 4*x + 92 = 0. Calculate the highest common divisor of x and q.
23
Suppose 2*m - 32 = -2*m. Let x(n) = -n**3 + 8*n**2 - n + 10. Let o be x(m). Let f be (-5 - -9)/(-1*o/(-1)). Calculate the greatest common divisor of f and 3.
1
Let n be ((-369)/18)/(4/(-432)). Suppose 6318 = 8*o + n. Calculate the highest common factor of 9 and o.
9
Let a be -3 + (-65)/(-25) + 360/25. Let d(o) = -o**3 + 13*o**2 + 29*o - 14. Let b be d(a). What is the greatest common factor of b and 294?
98
Let g(z) = -3*z**2 + 23*z - 20. Let o be g(2). Calculate the highest common divisor of 12992 and o.
14
Let l be 2 + -17 - (-156660)/280 - 1/(-2). What is the highest common factor of l and 15?
5
Suppose 322 = 18*y - 4*y. Let m = 151 + -59. What is the greatest common divisor of m and y?
23
Suppose 17*j - 24*j + 1722 = 0. Suppose 2*h + 30 = j. What is the highest common factor of h and 54?
54
Suppose -4*v + 13*v - 9486 = 0. Suppose 0 = 5*c - v + 144. Calculate the greatest common factor of 52 and c.
26
Let u = 6461 + -6200. Calculate the greatest common factor of u and 696.
87
Let t be ((-4)/34)/(936/(-7956)). Let v(m) = m + 2. Let w be v(2). What is the greatest common divisor of t and w?
1
Suppose -3*t = -5*a + 2142, -8*t + 5*t + 414 = a. Let l be (-69)/(-8 - a/(-54)). Calculate the greatest common divisor of 46 and l.
23
Let q be (-1786)/(-15) - 6/15 - 37/(-111). What is the highest common divisor of q and 126?
7
Let w(d) = -3*d + 19. Let x be w(5). Suppose 22*b + 5*y = 17*b + 75, 0 = 5*b + 2*y - 72. What is the greatest common factor of b and x?
2
Let m(h) = 2*h - 14. Let i be m(8). Let x(z) = 9*z**2 - 7*z + 3. Let o be x(i). Calculate the highest common factor of o and 25.
25
Let r be 20/(-6)*(7581/(-38) - 6). Calculate the highest common factor of r and 20.
5
Let a be 30/4*(-8 - -14). Let z = -51 + a. Let i be (-222)/(-36) - (-1)/z. Calculate the highest common factor of i and 3.
3
Let r be -6 + 132/11*(-49